 l(m).
-1
Let u(f) = 21*f**3 + 21 + 15*f + 2*f - 9*f**2 - 6*f - 11*f**3 - 11*f**3. Calculate u(-10).
11
Let s = 10 + -8. Let g(i) = -20*i + 2 + 22*i - i**2 - 5*i**2 + 3*i**2. What is g(s)?
-6
Let h(m) = -6 + 8*m**2 - m**2 - 6*m**2 - 7*m - 5. What is h(8)?
-3
Let h(c) = 3*c**2 + 2*c - 2. Suppose 7*t + 54 - 40 = 0. Determine h(t).
6
Let k(w) = w**3 + 4*w**2 - 7*w - 7. Suppose -5 = -5*v + 10. Let s be v/((-12)/8) + -3. What is k(s)?
3
Let m(i) = 10*i - 6. Let x(h) = 7*h - 5. Let v(c) = 4*m(c) - 5*x(c). Let k = 2 + -3. Give v(k).
-4
Let t = 20 + -21. Let r(q) = -2*q - 1. What is r(t)?
1
Let m(g) be the second derivative of -g**5/20 + g**4/3 - 7*g**2/2 + g - 11. What is m(4)?
-7
Suppose 19 - 4 = -4*c + 5*m, 3*c + m = 3. Let t(n) = -11 + 6*n + c*n + 5*n - n**2 - 3*n. Determine t(8).
-11
Let q(d) = -d - 4. Let i(c) = -c**2 - 42*c - 108. Let m be i(-3). Determine q(m).
-13
Suppose 0 = -3*m - 4*c - 40, -4*m + 4*c = 15 + 29. Let p(f) = -f - 13. Give p(m).
-1
Let j(g) = -7 - 3 + 87*g - 90*g. What is j(-4)?
2
Let c(x) = 2*x**3 - x**2 + x - 3. Suppose -18*f - 5*j - 25 = -23*f, 2*j = -3*f. Give c(f).
11
Let f be 22/(-3)*45/(-30). Let k(n) = -n**2 + 7*n + 18. Let u(s) = -3*s**2 + 22*s + 53. Let z(q) = 8*k(q) - 3*u(q). Determine z(f).
-4
Suppose -x - 10 = 3*f - 4*f, 0 = -4*x - 3*f - 26. Let z = -6 - x. Suppose 2*i + 3 = y - 5, i = z*y - 4. Let p(s) = s - 4. Determine p(y).
-4
Let f(y) be the second derivative of y**4/12 + y**3/3 - 3*y**2/2 + 10*y. Let n = -52 - -48. Calculate f(n).
5
Let l(k) = 7*k**2 + 1. Let v(i) = -2*i + 14. Let b(q) = -5*q + 41. Let x(n) = 3*b(n) - 8*v(n). Let t be x(-12). Give l(t).
8
Let a(o) = 15*o**3 + o**2. Let c(t) be the third derivative of -t**4/24 + 10*t**3/3 + 40*t**2. Let k be c(21). Determine a(k).
-14
Let r(n) be the first derivative of 3*n**4/4 - n**3/3 + n**2 - n + 1. Let d = 10023 + -10021. Determine r(d).
23
Let d(n) = -n**3 + 3*n**2 + 2*n - 1. Suppose l + 6*l - 21 = 0. Calculate d(l).
5
Let y(r) = -3*r**3 + 9*r**2 - 3*r - 5. Let l(a) = -62*a**3 + 11*a**2 + 64*a**3 - 19*a**2 + 4 + 4*a. Let j(i) = -4*l(i) - 3*y(i). Determine j(-6).
5
Let w(m) be the third derivative of -m**6/120 + m**4/24 + 7*m**3/6 + 2*m**2. Suppose -5*i - 2 = -4*l - 7, -2*l = -2*i. Let d = -5 + i. Give w(d).
7
Let r(y) = 21*y**3 - y**2 + 1. Let u be (1436/12)/1 + (-2)/(-6). Let j = u + -119. Determine r(j).
21
Let x(g) = 3*g**2 + 5*g + 2 + g**3 - 4 - 3*g. Suppose 26 = -10*n + 6. Give x(n).
-2
Let p(m) = m**2 + 8*m - 14. Suppose -y = 6 + 4. Let x be p(y). Let d(c) = c**3 - 7*c**2 + 6*c - 5. Determine d(x).
-5
Let j(b) be the second derivative of 0 - 2*b + 1/12*b**4 + 3*b**2 + b**3. What is j(-4)?
-2
Suppose -5*p + 0*s = -5*s - 380, 164 = 2*p + 4*s. Let i = -72 + p. Let a(w) = -w**2 + 6*w + 6. Give a(i).
6
Suppose -2*n - 17 = -2*l + 3, -3*l - 10 = 5*n. Let q(h) = h**2 + 11*h - 38. Let y be q(-14). Let b(u) = 0 + 5 - 12 - 2*u - u**3 - u**2 - y*u**2. Calculate b(n).
3
Let i(v) = 2*v - 5. Let o(y) = y - 2. Let b(t) = -3*i(t) + 7*o(t). Let x(w) = -w**3 - w - 3. Let c be x(-2). What is b(c)?
8
Suppose 14*m - 26 = 27*m. Let u(v) = v**3 + v**2 + 2*v + 2. Determine u(m).
-6
Let u(c) = -6*c + 1. Suppose 3*h = -8 + 20. Suppose -h*p - 22 = -2*p. Let y = 10 + p. Determine u(y).
7
Let s(w) = -w - 7. Let i be s(-11). Suppose v - 3 = i*v. Let d = 4 - v. Let n(o) = 2*o**2 - 7*o - 2. Determine n(d).
13
Let t(v) be the third derivative of 0 + 0*v**3 - 1/180*v**6 + 0*v - 1/24*v**4 + 5*v**2 + 1/40*v**5. Let h(i) be the second derivative of t(i). Determine h(3).
-9
Let j(b) = 4*b + 9. Suppose 18*u = -12*u - 270. Determine j(u).
-27
Suppose 4*b - 26 = -5*i, 0*b = -2*b - 5*i + 18. Let v = -8 - 1. Let g = b + v. Let o(z) = z**3 + 4*z**2 - 5*z - 2. Determine o(g).
-2
Let q be (-10)/(-3)*9/6. Let p(d) = -6*d + 20. Suppose 2*s - 8 = 4*l + 5*s, 0 = -5*l - s - 21. Let n(b) = -4*b + 13. Let t(r) = l*p(r) + 8*n(r). Determine t(q).
-6
Let q(g) = -2*g + 12. Let v be q(5). Suppose -2*z + 5*k = -21, -z + v*k - 5 = -14. Suppose -z*m = -4*m - 5. Let r(p) = p**3 + 4*p**2 - 5*p - 5. Calculate r(m).
-5
Let b(n) be the third derivative of -n**5/60 - 5*n**4/24 + n**3/6 - 16*n**2 - 2. Let q = -4 - 1. Give b(q).
1
Let n(j) be the first derivative of -j**4/4 - j**3 + j**2/2 - 4*j + 128. Determine n(-4).
8
Let q(o) = -o**3 - 5*o**2 + 15*o - 14. Let j(l) = l**3 - 14*l + 13. Let f(m) = -3*j(m) - 2*q(m). Determine f(11).
0
Let k(p) = 11*p - 61. Let w be k(6). Suppose -5*o + 30 = 5*u, w*u + 4 + 6 = 3*o. Let c(t) = t - 7. Give c(o).
-2
Let l(n) = 2*n**3 - 7*n**2 - 4*n + 3. Let s be l(4). Let i(a) = 3*a**2 + 3*a + 1. Give i(s).
37
Let j(o) = -o**3 - 2*o**2 - 1. Let t(q) = -5*q**3 - 8*q**2 - 10. Let g(d) = -4*j(d) + t(d). Calculate g(0).
-6
Let m(b) = 2 + 1 - 4 + b + 4. Suppose -2*t - 5 = -3*o - 2, 0 = -4*o + 12. What is m(t)?
6
Let i be -1 - (1 - (9 + -2)). Let h(f) = -f**2 + 6*f - 3. Let l be h(i). Suppose 3*g + g = 2*q - l, 0 = -3*q + 3. Let j(n) = -n**3 - n**2 - n - 5. What is j(g)?
-5
Let p(y) = -4*y + 1. Suppose 0*a - a + 4 = 0. Give p(a).
-15
Suppose x - 11 + 12 = 0. Let a(o) = 43*o**3 + o. Determine a(x).
-44
Let x(i) be the third derivative of i**5/60 - i**4/6 + 2*i**3/3 + 3*i**2. Suppose r = 14 - 10. Calculate x(r).
4
Let u(w) be the second derivative of w**4/12 - 2*w**3/3 + 13*w**2/2 - 30*w. Let m(y) be the first derivative of u(y). What is m(7)?
10
Let f(a) = 2*a**2 - 4*a - 48. Let p(k) = -4*k**2 + 9*k + 88. Let x(d) = 11*f(d) + 6*p(d). Calculate x(6).
-12
Let s = 59 + -54. Suppose -4*p = -4*l - 12, 6 + 7 = 3*p - s*l. Let v(t) = -t. Let i(x) = -x**2 + x. Let w(h) = -i(h) + v(h). Calculate w(p).
-1
Let p be -14*(1/(-5))/(2/5). Let a(r) = 0*r - 116 + p*r**2 + 115 + 2*r. Calculate a(1).
8
Let a(j) = -36*j**2 - 7*j + 9. Let r(q) = -18*q**2 - 4*q + 5. Let s(h) = 4*a(h) - 7*r(h). Calculate s(-1).
-17
Let g(j) = j**3 - 7*j**2 + 7*j - 1. Let m be g(6). Suppose -2*w + 0 + 9 = 5*u, -m*w = -10. Let n(p) = 3*p**3 + p. What is n(u)?
4
Let j = 1661 - 1656. Let u(z) be the second derivative of z**4/12 - 5*z**3/6 - z**2 - 2*z. Give u(j).
-2
Let v(m) = m**3 + 8*m**2 + 8*m - 2. Let w = 274 + -280. Determine v(w).
22
Let o(i) = -41 + 76 - 41 + i. Determine o(-4).
-10
Let r(i) be the second derivative of 1/12*i**4 + 3/2*i**2 - 4/3*i**3 - 11*i + 0. Calculate r(7).
-4
Let u be 4/(-14) + 3168/63. Suppose -14*x = -4*x + u. Let v(r) = 3*r**2 + 3*r - 5*r**2 + 3*r**2 - 5. Determine v(x).
5
Let c(f) = -8*f - 46. Let a(y) = -9*y - 47. Let r(b) = 3*a(b) - 4*c(b). Determine r(-11).
-12
Let j(a) = 0*a - 2*a - 7 + 4. Let p be j(-3). Let d(f) be the first derivative of -f**3/3 + 2*f - 5. Determine d(p).
-7
Let w = -13 - -12. Let c = 7 - 5. Let n(j) = -5*j**2 - 4 - 2*j**2 + 3 - c*j**2 - j. What is n(w)?
-9
Let i be (-76)/(-1368)*9/2. Let z(s) be the first derivative of s**2 - 2*s**3 - i*s**4 + 3*s + 4. What is z(-6)?
-9
Suppose 31*v + 225 = -44*v. Let u(d) = d**2 + 3*d - 4. What is u(v)?
-4
Let t = 71 - 66. Let i(m) = m**3 - 6*m**2 + 4*m + 3. Give i(t).
-2
Let x be 0/2 - (-2 - (0 - 0)). Let f(w) = 2 - 4 + w + w**x + 0 + 3. Give f(0).
1
Let p = 1198 - 1208. Let c(l) = l**3 + 9*l**2 - 10*l - 1. Give c(p).
-1
Let r(g) = 11 - 29 + 21 + 3*g. Let k(p) = p**3 - 7*p**2 + p - 9. Let f be k(7). Determine r(f).
-3
Suppose -627 = 5*f + 4*q - 587, -2*q = -5*f - 40. Let x(c) = -c**2 - 2*c + 5. Calculate x(f).
-43
Let q(k) be the second derivative of 3*k**5/20 - k**4/12 + k**3/3 - k**2/2 + 3*k. Suppose 7*m = 4*m. Let w be (m - 1)/(13/(-13)). Determine q(w).
3
Let j(o) = o**2 - 5*o - 2. Let h(a) = 22*a**2 + 31*a + 12. Let w(v) = h(v) + 6*j(v). Calculate w(-1).
27
Let p(f) be the second derivative of -f**4/12 - f**3 + 5*f**2 + 5*f. Let y be p(-7). Let o(k) = 2*k**2 + 1 + 2*k - 1 - y*k. What is o(2)?
6
Let z(q) = -10*q + 10*q**2 - 6*q**2 - 3*q**2 - 4 + q. Give z(8).
-12
Let c(q) be the third derivative of -q**5/60 + 5*q**4/12 - 4*q**3/3 - 5*q**2 - 13*q. Calculate c(9).
1
Let o(q) = -q**2 + 3*q + 2. Suppose 3*t = a - 53, 3*t - 4*a + 14 = 2*t. Let j = 23 + t. Give o(j).
-8
Let m(o) = -14*o**2 + 3. Let f(p) = -5*p**2 + 1. Let j(n) = 17*f(n) - 6*m(n). Give j(-4).
-17
Let n(s) be the first derivative of -s**4/4 + 2*s**2 - 6*s + 135. What is n(4)?
-54
Suppose 5*z = -8*z - 104. Let b(v) = -v**3 - 7*v**2 + 8*v - 4. What is b(z)?
-4
Let k(c) be the fir